c**2 - c + 8. Let d be a(8). Let o(y) = -y**3 + y + 83. Let b be o(d). Let m = b - -27. What are the prime factors of m?
2, 5, 11
Let c(k) be the third derivative of -k**5/60 - 25*k**4/12 - 17*k**3/6 - 9*k**2. Let p be c(-17). Suppose -6*z + 2*z + p = 0. List the prime factors of z.
2, 17
Let u be 1 - (6 + -3 + -1). Let v be 7/(u/(-12) + 2/(-6)). Let b = v - -136. List the prime factors of b.
2, 3
Let x(b) = -3045*b**3 - 7*b**2 - 9*b - 10. List the prime factors of x(-2).
2, 5, 1217
Let b(x) = 18*x**2 + 5*x + 39. List the prime factors of b(-15).
2, 3, 223
Suppose -12*q = 18*q - 120120. Suppose -3432 - q = -44*b. List the prime factors of b.
13
Let u be (2 - 3)/(7/(-28)). Suppose 2074 = u*q + 3*j - 375, 0 = -4*j - 20. What are the prime factors of q?
2, 7, 11
Suppose 0 = 4*n - 12*n + 816. Let f(u) = 50*u - u**2 + 53*u + 60 - n*u. List the prime factors of f(0).
2, 3, 5
Suppose -821905 = -80*w + 73935. List the prime factors of w.
2, 11, 509
Let c(v) = -v**2 - 450*v + 29033. List the prime factors of c(0).
29033
List the prime factors of (-2)/13 - (222054/(-91) - -1).
3, 271
Let t(s) = -s**2 - 23*s - 97. Let i be t(-16). Suppose i*n = -3954 + 10719. List the prime factors of n.
11, 41
Let t = -9288 + 45573. List the prime factors of t.
3, 5, 41, 59
Let c be (14/(-42))/((-1)/(-12)). Suppose 4*w - 72 = -640. What are the prime factors of w/c - 12/(-8)?
37
Let h = -632 + 628. What are the prime factors of (624/(-36))/(h/72)?
2, 3, 13
Suppose -5*u = -152 - 78. Suppose 0 = -4*y + 5*x - 206, -4*x + u = 4*y - 5*y. Let b = 180 - y. List the prime factors of b.
2, 3, 13
Suppose 0 = 2*n - 10, n - 79 = -2*f - 14. Suppose -f*j = -31*j + 656. List the prime factors of j.
2, 41
Suppose 137*d + 21*d - 2674308 = 0. List the prime factors of d.
2, 3, 7, 13, 31
Suppose -2*f + 2*q = -13646, 58*f - 3*q = 53*f + 34127. List the prime factors of f.
6829
Let u = 10468 - -1289. List the prime factors of u.
3, 3919
Let n = -1194 + 811. Let u = n + 1042. Suppose -236 = 3*m - u. List the prime factors of m.
3, 47
Let c be (-8)/(96/(-34)) - 2/(-12). Suppose -c*a + 605 = 5*x - 6*x, 5*a - 1007 = 3*x. What are the prime factors of a?
2, 101
Let o(u) = u**3 + 16*u**2 - 14*u - 19. Suppose 3*c + 3*r = 6, -4*r + 20 = -0*r. Let b be (-24)/(-1*4/8*c). List the prime factors of o(b).
5, 41
Let n(k) = 18*k + 122. Let h be n(0). Suppose -8*x - 3*u + h = -7*x, -624 = -5*x - u. List the prime factors of x.
5
Suppose -y = -4*g, g = -4*y - 0*y. Suppose 5*f - 2762 = -x + 1695, -5*x + 10 = g. List the prime factors of f.
3, 11
Let b(x) = 441*x**2 + 249*x - 1487. What are the prime factors of b(6)?
7, 2269
Let j(d) = 2891*d + 308. List the prime factors of j(23).
3, 7, 3181
Suppose -4*b + 1134 = 2*q, -2*q + b + 1054 = -90. Let n = q - 557. List the prime factors of n.
2, 7
Let y = -4 - -6. Suppose 0 = -i + 3*i - n - 5, 2*i - y*n - 6 = 0. Suppose -2*a = i*u - 2, 2*u - 3*a = 3*u + 3. What are the prime factors of u?
3
Let y(c) = -5*c**2 + c - 3. Let u be y(3). Let s(b) = -2*b**3 + 8*b**2 + 6*b - 39. Let t be s(5). Let l = u - t. What are the prime factors of l?
2, 7
Let l be 3/((-6)/4) + -164. Let w be 250 + 6*(70/15)/(-7). Let v = w + l. What are the prime factors of v?
2, 5
Suppose -4*p + 11 = -5. Suppose f + 62 = n, -p*n - n + f + 322 = 0. List the prime factors of n.
5, 13
List the prime factors of (939/2)/((-216)/(-33984)).
2, 59, 313
Suppose -5*l + 21 = 1. Suppose -4*a = -2*x - 322, a + l*x - 46 - 48 = 0. List the prime factors of a.
2, 41
Suppose 356*b = 354*b - 6. Let l(a) = 17*a**2 - 2*a - 10. What are the prime factors of l(b)?
149
Let m(s) = 8*s + 144. Let l be m(5). Suppose -x = x - 34. Suppose 0 = x*v - 19*v + l. List the prime factors of v.
2, 23
Suppose 15*p = 3*p + 14784. Suppose 60*u = 56*u + p. List the prime factors of u.
2, 7, 11
Suppose -4*x + 30706 = -2*x + 4*q, -4*q - 16 = 0. What are the prime factors of x?
15361
Let p(c) = c**3 - 3*c**2 - c - 6. Let n be p(4). Suppose -n*r - 596 + 2864 = 0. List the prime factors of r.
2, 3, 7
Let i = 7 - -23. Suppose -r + 23 = i. List the prime factors of ((-5)/r - 1) + 4752/21.
2, 113
Let f(k) = 75*k**2 - 64*k - 6. What are the prime factors of f(-6)?
2, 3, 19
Suppose -2*f = 4*v - 206, -2*v = -6*v + 3*f + 191. Suppose 68*r - 4770 = v*r. What are the prime factors of r?
5, 53
Suppose -2*j - 4*m + m + 2 = 0, -j - 5*m = 13. Let d(u) be the second derivative of u**4/4 + 2*u**3/3 - 8*u**2 + 10*u. List the prime factors of d(j).
3, 53
Suppose 8056 = 9*d + 1936. What are the prime factors of 2/((-1)/(-2) - 335/d)?
2, 17
Let h(b) = -2*b**2 + 73*b - 67. List the prime factors of h(25).
2, 127
Let t = -330 + 230. Let m = 60 + t. Let q = 95 - m. List the prime factors of q.
3, 5
Let d(o) = o**3 - 17*o**2 + 5*o + 25. Let n be d(17). Let t = 544 - n. List the prime factors of t.
2, 7, 31
Let b be (-2)/16*4 + (-1101)/(-6). Suppose -45*p + b = -42*p. What are the prime factors of p?
61
Let w be 69/(5/(-56)*6/(-25)). Let l = w + -2238. What are the prime factors of l?
2, 491
Let h(u) = u**3 + 30*u**2 - 6327*u + 108. List the prime factors of h(68).
2, 1439
Suppose 0 = 25*p - 21*p - 20. Suppose 11*i = p*i + 24. Suppose 6*a - 226 = i*a. List the prime factors of a.
113
Let g = 55153 - 33190. What are the prime factors of g?
3, 7321
Suppose 0 = 2*n - 5*t - 83796, 17*n = 13*n - 6*t + 167720. List the prime factors of n.
2, 20959
Suppose f = -4*r - 0*r - 78, 2*f + 2*r = -186. Let p = -39 - f. Suppose 0 = 4*m + k - 226, 3*k = 2*m - 47 - p. What are the prime factors of m?
2, 7
Suppose 3*n - n = -4*x - 10, -2*n - 10 = x. Suppose -z + 13 - 20 = x. List the prime factors of z/(-28) + (-534)/(-8).
67
Let d(i) = 3*i + 20. Let b be d(-6). Let z(f) = -f**3 - 8 + 12 - 16*f**b + 18*f - 7*f + 0*f**3. List the prime factors of z(-17).
2, 53
Let b be (10 - -2)*(-345)/20. Let o = 661 - b. What are the prime factors of o?
2, 7, 31
Let g be 76/(-38)*3/(-2). Suppose 1666 = 5*z - 2*m - 69, g*z - 4*m = 1055. List the prime factors of z.
3, 5, 23
Let l = -592 + 617. Let u(r) = -r**3 + 24*r**2 + 28*r - 16. List the prime factors of u(l).
59
Suppose 19448 = 4*q - 4*y, 515*q + 24334 = 520*q - y. What are the prime factors of q?
2, 1217
Let f = 78987 - 49002. What are the prime factors of f?
3, 5, 1999
Suppose 0 = -2*x - x + 3. Let z(n) = -n - x - 2*n + 6*n. List the prime factors of z(5).
2, 7
Let s = 928 + -1755. Let w = -429 - s. What are the prime factors of w?
2, 199
Suppose -3955 = 82*m - 83*m. List the prime factors of m.
5, 7, 113
Let r = -168 + 170. Suppose -d - r*j + j = -53, -4*j = -d + 53. What are the prime factors of d?
53
Let u = -2785 + 4454. Let b = u - 667. What are the prime factors of b?
2, 3, 167
Let n(r) = 1. Let s(b) = b**3 - 2*b + 618. Let m(v) = 6*n(v) + s(v). List the prime factors of m(0).
2, 3, 13
Let q = 53 + -34. Let y = q - 16. Suppose 5*p - 345 = 9*o - 4*o, 3*p = -y*o + 177. List the prime factors of p.
2
Suppose -52940 = 1198*j - 1202*j - 2*p, -3*j + 39702 = 2*p. List the prime factors of j.
2, 6619
Let w(n) = 5*n**2 + 25*n - 127. Let i be w(8). Let p = i - 216. List the prime factors of p.
3, 59
Let w = -1274 + 807. Let u = w - -1023. Suppose -7*y + u = -403. List the prime factors of y.
137
Suppose 3*b + 0*m - 3*m + 3 = 0, 2*m = 3*b. List the prime factors of (b - -28)/((-13)/(2145/(-10))).
3, 5, 11
Suppose y - 5153 = 5*v, -33279 = -5*y - 5*v - 7724. List the prime factors of y.
2, 3, 853
Let t(i) be the second derivative of 53*i**4/12 - i**2 - 71*i. What are the prime factors of t(2)?
2, 3, 5, 7
Let t(b) = 106*b - 5. Let y(m) = 107*m - 4. Let p(i) = -4*t(i) + 3*y(i). List the prime factors of p(-3).
317
Let s be 18/2 + (1 - (-1 + 2)). Let q(j) = 4*j**2 - 33*j - 13. Let m be q(s). Suppose 0 = m*x - 334 - 2606. What are the prime factors of x?
2, 3, 5, 7
Let u(z) = 3*z**3 - 23*z**2 + 85*z - 26. Let x(k) = k**3 + k**2 - k + 1. Let i(t) = -u(t) + 4*x(t). List the prime factors of i(-29).
929
Suppose 6*i = d + 5*i - 4, -4*d + 15 = -5*i. Suppose -a = -d*a + 1140. What are the prime factors of a?
3, 5, 19
Let n(x) = 21 + 8*x + x**2 - 9*x - 19. Let f be n(1). Suppose -5*b + 5*t + 640 = f*t, b - 5*t = 150. What are the prime factors of b?
5
Let z(n) = 105*n**2 + 4*n - 43. Let i be z(10). Suppose -16*v + i = -8287. What are the prime factors of v